 -4*u = -0*u + 20. Let s = u + 9. What is the remainder when s is divided by 1?
0
Let g(l) = 8*l - 1. What is the remainder when g(21) is divided by 21?
20
Let t be 72/5 + (-2)/5. Let k = t + -9. What is the remainder when k is divided by 4?
1
Let p(v) = 22*v**2 - 2*v. Calculate the remainder when 76 is divided by p(1).
16
Suppose -4*t = -5*i - 111, -3*i = -3*t + 2*t + 33. Suppose 0 = -3*p + p - 4*w + t, 0 = -w. Suppose -p = -k - 2*k. What is the remainder when 7 is divided by k?
3
Suppose 12*f - 260 = 8*f. Calculate the remainder when f is divided by 18.
11
Let q be 4 + 10 + (-2 - 0). Suppose 2*a + 2*v - q = -a, 3*v = -3*a + 12. What is the remainder when 13 is divided by a?
1
Let v = 49 + -31. Suppose -7*h + 11 + 346 = 0. Calculate the remainder when h is divided by v.
15
Suppose -5*o + 5*m + 28 = 8, -4*o = m + 9. What is the remainder when 56 - 3*o/(-3) is divided by 14?
13
Calculate the remainder when 5 is divided by (-4*1 - (12 + -20)) + -2.
1
Let q = -26 + 67. What is the remainder when 163 is divided by q?
40
Suppose -5*j = 4*b - 38, 3*b + 12 = -b. Let q(a) = -a**3 + 6*a**2 - 4*a - 1. Let d = 16 + -11. What is the remainder when j is divided by q(d)?
2
Calculate the remainder when 47 is divided by 3/(-5) + 581/35.
15
Suppose a - 1 = -2*z + 11, -4*a = -2*z - 8. Suppose -5 - 8 = -y. Calculate the remainder when y is divided by a.
1
Let m be 1*-73 + (-1)/(-1). Let b be ((-2)/(-3))/((-6)/m). Suppose -y = c, -c - 4*c + b = y. Calculate the remainder when 4 is divided by c.
0
Let h be (-8)/(-6)*(-3 - -6). Let f(d) = 3*d + 4. Let c(m) = 10*m - 1. What is the remainder when f(h) is divided by c(1)?
7
Let p(k) be the third derivative of k**6/120 + 7*k**5/60 + k**4/8 - k**3/3 + 4*k**2. Calculate the remainder when p(-5) is divided by 17.
16
Let b(d) = 12*d**3 + d**2 - d. Let k = 55 - 0. Suppose -2*i - 9 = -k. Calculate the remainder when i is divided by b(1).
11
Let z(c) = 2*c + 18. Let i be z(-13). Let w = i + 17. What is the remainder when 26 is divided by w?
8
Let p(t) be the first derivative of t**2/2 + 8*t + 1. Let j be p(0). What is the remainder when (28/j)/(1/2) is divided by 3?
1
Let r(l) = 5*l + 5. Let v = -5 - -3. Let u be -2 + -1*(-8 - v). Calculate the remainder when r(u) is divided by 13.
12
Let d be (5/15)/((-2)/(-54)). Let w be 4/(-6) + 6/d. Suppose w = t - 0*t - 7. Calculate the remainder when 12 is divided by t.
5
Let v(i) = i + 9. Let n be v(-4). Let h = 19 + n. What is the remainder when h is divided by 13?
11
Suppose -23*a + 28*a = 190. Let z(l) = 5*l - 2. Calculate the remainder when a is divided by z(3).
12
Let w = -99 + 110. Calculate the remainder when 97 is divided by w.
9
Suppose -3*w = -3*y - 60, -y + 22 = 2*w + 3*y. What is the remainder when w is divided by 6?
5
Suppose -5*a = 2*i - 26, -a - 3*a - i = -19. Calculate the remainder when a is divided by 3.
1
Let m(w) = -w**3 - 2*w**2 + 2*w. Let o(s) = -4*s - 16. Let c be o(-5). Calculate the remainder when ((-2)/c)/1*-22 is divided by m(-3).
2
Let n be -3 + 4 - -1*2. Suppose 0*b = -b + k + 49, n*k = -3*b + 135. What is the remainder when b is divided by 24?
23
Suppose -4 = -2*l - 0. Let q be ((-18)/(l + 0))/(-1). Calculate the remainder when q - (-2 + 2 + 2) is divided by 3.
1
Let m(g) = -g**3 + 10*g**2 + 13*g. Calculate the remainder when 42 is divided by m(11).
20
Let f = 46 + -1. Let o = f - 22. Calculate the remainder when 45 is divided by o.
22
Let g = -7 + 15. Let z = 10 - g. Calculate the remainder when 5 is divided by z.
1
Let i = 15 + 13. Suppose -3*u - p + 166 = 0, -u - 2*p + p = -56. Calculate the remainder when u is divided by i.
27
Suppose -4*b + 36 = -4*s, 0 = 3*b - 0*b + s - 19. Suppose 0 = w - b - 11. Calculate the remainder when 1*33 + 2 + -1 is divided by w.
16
Let u(b) = -7*b - 7. Suppose -a = -4*g - 0*a + 19, 4*g = -3*a + 23. Suppose x - 2*r = 0, -x + 10 + g = r. Calculate the remainder when u(-5) is divided by x.
8
Let f(k) = -k + 9. Let h be f(6). Suppose -h*i = -6*i + 12. Suppose -i*l - 4*m + 80 = 0, 0*l + 68 = 4*l + m. What is the remainder when l is divided by 6?
4
Let p be 4*(9/4 - 1). Suppose 0*h + 135 = p*h. Calculate the remainder when 25 is divided by (2 + h/6)*2.
12
Let y(p) = -p**2. Let c = 2 - 4. Let k be y(c). What is the remainder when (-14)/k + (-1)/2 is divided by 2?
1
Suppose -2*c = c. Suppose n - 9 - 5 = c. What is the remainder when n is divided by 5?
4
Let i = 2 + 2. Suppose 0 = -4*a - q + 119, -i*q = -0*q + 4. Calculate the remainder when a is divided by 11.
8
Let k(n) = n + 19. What is the remainder when 21 is divided by k(-11)?
5
Suppose 8 = -4*s - 24. Let c = -103 - -99. Calculate the remainder when 36 is divided by c/6*156/s.
10
Let v be (-52)/(-14) + 8/28. Suppose -2*u = -k - 16, 54 = -2*k - v*u - 2. Calculate the remainder when ((-2)/4*k)/1 is divided by 6.
5
Suppose 2*r = 14 - 4. Suppose r*o - 19 = -4. Calculate the remainder when 11 is divided by o.
2
Let x = 20 + -6. Suppose -4*b + 83 + 73 = 0. Calculate the remainder when b is divided by x.
11
Let s be (-5)/(-5)*(-1 - 1). Let v(b) = 5*b**2 + 2*b + 3. Calculate the remainder when 55 is divided by v(s).
17
Suppose 0 = -2*z + l + 15, -5*z + l = -2*l - 36. What is the remainder when 44 is divided by z?
8
Let y(l) = 2*l**3 - l**2 - 3*l + 5. Calculate the remainder when y(3) is divided by 21.
20
Suppose 2*p = -20 + 96. Calculate the remainder when p is divided by 136/10 + (-6)/10.
12
Let t(s) = -s**3 - 4*s**2 - 7*s - 4. Let w be t(-4). Let b = 34 - w. What is the remainder when 27 is divided by b?
7
Let f(z) = -z**2 + 7*z - 6. Let b be f(5). Suppose 0 = -5*x + b*h - 13, -10 = 4*x + h - 4*h. Calculate the remainder when 22 is divided by -12*(0 - x - 2).
10
Suppose -20 = -4*p - 4*l, 3*p + 4*l - 7 - 3 = 0. What is the remainder when 22 is divided by 42/5 + (-4)/p?
6
Suppose -6 + 10 = -2*k. Let c = -5 + 15. Calculate the remainder when 29*(-3 + 1)/k is divided by c.
9
Let u = -6 - -1. Calculate the remainder when -13*5/(u/3) is divided by 10.
9
Suppose -a - 2*a + 5*k + 25 = 0, -2*a - 5*k + 50 = 0. What is the remainder when 103 is divided by a?
13
Suppose 3*t - 3*h = 9, -4*t + 6 + 3 = -3*h. Suppose t = -2*n + n + 32. What is the remainder when 127 is divided by n?
31
Let l = -6 + 16. Let k = l - 5. Calculate the remainder when (-102)/(-8) - 1/(-4) is divided by k.
3
Let u(a) = -a**3 + 7*a**2 - 2*a + 5. What is the remainder when 84 is divided by u(6)?
26
Let g = 52 + -27. What is the remainder when 74 is divided by g?
24
Let p(q) = -q + 6. Let s be p(6). Suppose -g - 4 + 8 = s. What is the remainder when -18*(2 - 10/g) is divided by 5?
4
Suppose 0 = -3*s - 3*k + 102, -s + 6*s = 4*k + 179. Calculate the remainder when 103 is divided by s.
33
Let u(n) = -2*n + 43. What is the remainder when 33 is divided by u(13)?
16
Let i = 164 + -105. What is the remainder when i is divided by 20?
19
Let h(s) = -10*s. Let y = -2 - -1. Let i = -3 - y. Calculate the remainder when h(i) is divided by 7.
6
Suppose 0 = -d + 5*d - 2*s - 14, -5*d - 4*s + 37 = 0. What is the remainder when 9 is divided by d?
4
Suppose 4*b - 11 = 3*b. Suppose 4*l = -t + 54, 44 = 2*t - 2*l - 24. Suppose 3*z - 22 = t. Calculate the remainder when z is divided by b.
9
Let w be 335/30 - (-1)/(-6). Calculate the remainder when w/55 - (-119)/5 is divided by 9.
6
Let t = 3 - -5. Suppose 2*z = 5*b - b, -4*b = -5*z + 6. What is the remainder when t is divided by (-23)/(-5) - z/(-5)?
3
Let t = -8 - -27. Calculate the remainder when 56 is divided by t.
18
Suppose 3*v + 5*y + 31 = 7*v, -4*y = 3*v. Suppose 5*d + 0*l = -2*l + 13, -4*d + l + 13 = 0. What is the remainder when v is divided by d?
1
Suppose 3*u - 40 = -u. Suppose 4*f - u = 6. Suppose f*b = b + 42. Calculate the remainder when 27 is divided by b.
13
Suppose 4*s = 9*s - 65. Calculate the remainder when 36 is divided by s.
10
Suppose -i = m - 0*m - 93, -3*m - 2*i + 274 = 0. Suppose -5*y = -4*t + 16 + 40, 4*t - m = -3*y. Calculate the remainder when t is divided by 10.
9
Suppose 174 = 7*c - 302. Calculate the remainder when c is divided by 14.
12
Let u(f) = -f + 3. Let q(g) = 1. Let x(k) = 6*q(k) + u(k). Suppose 36 + 0 = 9*h. Calculate the remainder when x(0) is divided by h.
1
Calculate the remainder when 1 + 2/(-6) - (-6800)/240 is divided by 16.
13
Let z be (2 + -5)/(